 182*q**2. Suppose -c + 0*c = -y + 9, -y + 4*c = -15. Determine d(y).
-2
Let x(z) = z**2 + 8*z + 3. Let o(r) = 4*r. Let d be o(-2). Let b = -29 - -31. Let t = d + b. Give x(t).
-9
Let r(c) = 10*c - 69*c**2 + 41 - 15 + 27*c**2 + 20*c**2 + 23*c**2. Give r(-6).
2
Let a(u) = u**2 + 3*u + 3. Suppose -2*j + 3*b + 8 = 0, -7*b - 16 = -3*b. Let h be a(j). Let o(k) = 2*k - 6*k**3 + h + k**3 + 4*k**3. What is o(-2)?
5
Let q(f) = f**3 - 6*f**2 + 2*f + 5. Let r be (0 + 0)/(2 + -3). Let a be (-22)/(-4) + (-4)/8. Suppose r = 2*g - a*g + 12. Calculate q(g).
-19
Let l(f) = f**2 + 7*f - 10. Let r = 22 + -11. Suppose -36 = -7*h + r*h. Calculate l(h).
8
Let h(n) = n**3 - 6*n**2 + 3*n + 4. Let y be h(5). Let b(o) be the second derivative of o**4/12 + 7*o**3/6 + 5*o**2/2 - 29*o. Calculate b(y).
-1
Let h(l) = 0*l**3 + 8*l**3 + 2*l - 9*l**3 + 6*l**3 - 2*l**3 + 2*l**2 + 1. Let a be (-1)/(-1 - (-1 + -1)). Calculate h(a).
-2
Let d(f) = 2*f + 33. Let i(h) = -3*h**2 + 39*h - 51. Let g be i(12). Give d(g).
3
Let u(z) = -z**3 + 1. Let g(c) = -3*c**3 + 3*c**2 - 3*c + 2. Let q(i) = g(i) - 2*u(i). Determine q(2).
-2
Let o(h) = h**3 + 10*h**2 + 6*h + 3. Suppose 3*k - 12 = 2*q, 0*k = -5*q + 2*k - 41. What is o(q)?
30
Let g be 0/(-5)*((-28)/8 + 3). Let z(s) = -s + 5. Give z(g).
5
Let t(q) = -q**3 - 4*q**2 - 1. Suppose -4*k - 3*j = k + 2, -3*k + 5*j = 8. Let z be (((-5)/1)/(-5))/(k/4). Give t(z).
-1
Let u(d) be the first derivative of -35*d**3/3 - d**2/2 + 1. Let a be u(1). Let q be a/21 + (-8)/28. Let v(z) = -z**2 - 2*z + 1. Calculate v(q).
1
Let b(c) be the first derivative of -c**4/4 + 3*c**3 + 9*c**2/2 - 13*c - 22. What is b(10)?
-23
Let t(w) = 5 + w + 0 - 1. Let j be (-1 - (-18)/15) + (-120)/(-25). Give t(j).
9
Let c(z) = 3 - 7*z - 4*z + 3*z - z**2. Let m be c(-8). Let a(y) be the second derivative of y**4/12 - y**3/3 + 2*y**2 + y. What is a(m)?
7
Let m = 201 - 201. Let o(i) = i**3 + i - 7. Calculate o(m).
-7
Let n(g) = 748 - 5*g + 0*g**2 - 1499 + 2*g**2 + 752. What is n(6)?
43
Suppose 25 = 5*x + 5*c, -26 = -5*x - 4*c - 2. Let q(z) = -z. Let p(v) = v**2 + 4*v - 1. Let d(r) = x*q(r) + p(r). Determine d(0).
-1
Suppose -4 = 3*g - 6*q + 2*q, -1 = -4*g - q. Let u(b) = 2*b + b**2 + g*b + 2*b + 2 + 3*b. Let x be ((-13)/52)/(2/12)*4. Give u(x).
-4
Let f(s) = 3*s + 3. Suppose 11*i = 13*i + q - 1, -2*q = 3*i - 4. What is f(i)?
-3
Let s = 27 + -32. Let t be ((-2)/(-4))/((-4)/(-24)). Let z(p) = 2*p**2 + 4*p - 3*p**2 - 2 - t*p**2 - p**3. Calculate z(s).
3
Let f = 72 - 70. Suppose f*v - 1 - 7 = 0. Let t(b) = b**3 - 5*b**2 + 7*b - 6. What is t(v)?
6
Let a(w) = -7*w + 9*w - 8*w - 3*w**2 + w**3 - 2*w**2 - 3. Give a(6).
-3
Let r = 1868 - 1864. Let d(q) = 3*q - q - 3 + 5. Give d(r).
10
Let f(j) = 2*j + 4. Let q be f(-5). Let g(r) = r**3 + 6*r**2 - r - 7. Let w be g(q). Let p(i) = -9*i - 4 + 2*i + 3 - i. What is p(w)?
7
Let t be (-1 - 21/(-15))/((-224)/(-28)). Let i(c) be the third derivative of -1/6*c**3 + 0 - t*c**5 + 9*c**2 + 0*c - 1/24*c**4 - 1/120*c**6. Determine i(-2).
-3
Let y(x) = -x. Let a = 13 - 12. Let v be -4 + (2*a)/(16/24). What is y(v)?
1
Suppose s + 3*p = 6, -3*s - 2*p + 7 = -4. Let w(a) = -a**3 + a**2 + 3*a - 2. Calculate w(s).
-11
Let z(n) = -n + 5. Let j be z(5). Suppose -2 = -3*u - 4*y, u + 5*y + j*y - 8 = 0. Let v(l) = l**3 + 3*l**2 - l - 1. Determine v(u).
5
Let o(i) = -2 + 2*i - i + 3 - 3*i. Suppose -5*b + 15 = 45. Determine o(b).
13
Suppose 68 = 3*f + f. Let k = f - 19. Let m(x) = -x**3 - x**2 - 2. What is m(k)?
2
Let v(o) = o + 3. Suppose -210 = 10*g - 5*g. Let f = -39 - g. Give v(f).
6
Suppose -3 + 1 = -2*w. Let x(f) = 75*f - 41*f - w - 35*f. Suppose -3*o = p - 13, 0*o = 3*o - 3*p + 3. What is x(o)?
-4
Let d(j) be the third derivative of -j**6/360 - j**5/24 - 3*j**4/8 - 2*j**2. Let u(o) be the second derivative of d(o). What is u(-4)?
3
Let k(i) be the second derivative of 0 - 1/3*i**3 - 1/12*i**4 - 1/2*i**2 + 14*i. Calculate k(-1).
0
Let z(s) be the third derivative of -7/24*s**4 - 1/60*s**5 + 11*s**2 - 2/3*s**3 + 0*s + 0. Give z(-5).
6
Let c(g) be the second derivative of -g**5/60 + g**4/24 - g**3/6 + 37*g**2/2 + 32*g. Let r(w) be the first derivative of c(w). What is r(3)?
-7
Let y = -14 + 29. Suppose -y = -0*a - 3*a. Suppose 5*d = 2*l, -14 - 17 = 3*d + a*l. Let i(b) = 3*b**3 + 3*b**2 - 2. What is i(d)?
-14
Let h(r) = -19*r**2 + 3*r + 13. Let p(i) = 11*i**2 - 2*i - 7. Let c(y) = -4*h(y) - 7*p(y). Give c(3).
-6
Let d(y) be the second derivative of y**3/6 - y**2/2 + y. Suppose -101*q - 4 = -102*q. Determine d(q).
3
Let a(u) = -2*u + 8. Let z(w) = -181*w - 722. Let m be z(-4). Determine a(m).
4
Let r(m) = 2*m + 8*m**3 - 3*m**3 - m. Give r(-1).
-6
Let u(l) = -l**3 + 6*l**2 - 5*l + 4. Suppose 0 = 14*f - 10*f - 120. Let q = f + -25. Give u(q).
4
Let c(v) be the second derivative of v**5/20 - v**4/12 - v**3/6 - 9*v**2 + 30*v. Suppose -3*f = -r - f + 4, -4*r = 3*f + 6. What is c(r)?
-18
Let b(y) be the first derivative of -7*y**5/10 + y**4/6 + y**3/6 - 5*y + 7. Let u(f) be the first derivative of b(f). Suppose -2*g - 3 + 1 = 0. Give u(g).
15
Let y(g) = -2*g**2 + 29*g + 7. Let s = 15 + 0. Give y(s).
-8
Let f(h) be the first derivative of -7 - 2*h**2 + 4/3*h**3 + 3*h - 1/4*h**4. Suppose 3*y - 12 = -y. Give f(y).
0
Let l(a) = 9*a**3 - 5*a**2 + 14. Let f(x) = 5*x**3 - 2*x**2 + 7. Let r(j) = -7*f(j) + 4*l(j). What is r(6)?
7
Let n(f) = 1 - 4*f**2 + 3*f**2 - 4*f + f**2 - 3*f**2. Let h be n(1). Let d(w) = -w**3 - 7*w**2 - 7*w - 4. Calculate d(h).
2
Let a be 1/(-3) - (-26)/(-3). Let c = a - -12. Suppose c*f + 15 = -3. Let r(y) = y + 5. Give r(f).
-1
Suppose 18*t = 16*t - 4. Let a(i) = -3*i - 2 + 3*i - 3*i. Calculate a(t).
4
Suppose -5*b + 6 = -4. Let n(g) = g**3 - 2*g**2 + 63 + 10*g**2 - g - 10*g**2 - 31 - 31. Give n(b).
-1
Let j(z) = 2*z**2 + 5*z - 108. Let o be j(-9). Let n(x) = -x**3 + 9*x**2 + 5. Determine n(o).
5
Let a(z) be the first derivative of -z**2/2 - 4*z + 19. What is a(4)?
-8
Let z(g) = 5*g - 2 + g - 5*g. Suppose -27 = -4*s - 35. Give z(s).
-4
Let w(k) = k**3 - 5*k**2 - 8*k - 1. Suppose -50 = 15*n - 140. Give w(n).
-13
Suppose s - 3*x + 0*x = -80, -2*x = 2*s + 152. Let i = s + 81. Let h(t) = -t + 2. What is h(i)?
-2
Let w(z) = -z**2 - 7*z + 2. Let p(i) = i**2 + 8*i + 0*i**2 + 5 + 1 - 7. Let s(a) = 2*p(a) + 3*w(a). Give s(-7).
-10
Let o = -7 + 9. Let h = -5 + 7. Let z(b) = -o*b**2 - 4 + 3*b + 3*b**h + 0*b**2. Give z(-5).
6
Let q = 203 + -200. Let t(k) = 2*k**2 - 5*k + 4. Determine t(q).
7
Let h(x) = x**3 - 5*x**2 - 6*x - 6. Let q(f) = f**3 - 5*f**2 + 3*f + 10. Let p(m) = -m**2 - 9*m + 40. Let i be p(-12). Let k be q(i). Determine h(k).
-6
Let q(u) = -2*u - 1. Suppose -4*o - 12 = -o. Let z be (-1)/o - 21/(-12). Suppose 0 = -2*r - z*m - 6, 0*r - m = -2*r - 15. Determine q(r).
11
Let q(i) = 1 + 5 + 2 - 2 + 2*i. Suppose -17*f + 20*f = -21. Calculate q(f).
-8
Let k(m) be the first derivative of -1/3*m**3 - 3/2*m**2 + 0*m - 3 - 1/24*m**4. Let u(f) be the second derivative of k(f). Determine u(-5).
3
Let u(g) be the second derivative of -g**3/3 + 3*g**2 - 12*g + 1. Determine u(4).
-2
Let d(n) = -44*n + 3 + 2*n + 46*n. Give d(9).
39
Let k(s) = 5*s**3 + 4*s**2 + 2*s + 18. Let g(q) = -10*q**3 - 9*q**2 - 4*q - 42. Let v(u) = -3*g(u) - 7*k(u). Calculate v(2).
-48
Let s(n) = 648*n - 4 - 2 - 650*n. Calculate s(-9).
12
Let g be 4/(((-12)/(-8))/(6/4)). Let k(q) = q**2 - q + 3. Calculate k(g).
15
Suppose -33 + 9 = -3*o + 2*h, 4*h + 12 = 0. Let r(t) = 17*t - 8*t - o*t + 6 - 7*t. Suppose -4*y + 3*j = -12, 0 = 5*j - 6*j + 4. Calculate r(y).
-18
Let c be 0/(-3) + (1 - (1 - 3)). Let g be (8 - c)/((-10)/(-4)). Let y(h) = -h**3 + 4 - 4*h**2 + 3*h**2 - h - 3. Determine y(g).
-13
Let s(t) = 17*t + 7. Let l(p) = 8*p + 3. Let r(x) = 5*l(x) - 2*s(x). Suppose -5*c - 5*h = -30, 4*h = -c + 4*c - 4. Let o = c + -5. Calculate r(o).
-5
Let i(u) = 4*u + 1. Suppose -11 - 82 = -3*x. Let a = -32 + x. Determine i(a).
-3
Let t(c) = c + 10 + 17 + 10 - 36 + 8. Determine t(-19).
-10
Let g(o) be the first derivative of -o**7/840 - o**6/180 - o**5/120 - o**4/24 + 22*o**3/3 - 4. Let j(n) be the third derivative of g(n). Calculate j(-2).
1
Suppose -60*f - 441 = 3*f. Let x(i) = -i - 5 - 3 - 5*i - i**2. Give x(f).
-15
Suppose -7*o = -o + 36. Let v(g) = g**3 + 5*g**2 - g + 5. Determine v(o).
-25
Let a(v) = 4*v + 77